ctors of y?
2, 17
Let r be 745/1 + 24 + -31. Let q = -310 + r. What are the prime factors of q?
2, 107
Let s(y) = -17*y + 469. Suppose 7*i = 5*i. What are the prime factors of s(i)?
7, 67
Let b(k) = -19*k - 5. Let m be b(-2). Let h be 154/m*(-396)/(-14). Suppose 596 = 4*y + h. What are the prime factors of y?
2, 29
What are the prime factors of (17800/(-250))/((1 - 5)/240)?
2, 3, 89
Let v(j) = 790*j**2 + 7*j + 3. Suppose -4 = -11*c + 7*c. What are the prime factors of v(c)?
2, 5
Suppose 10 - 2 = -z + 3. Let n(g) = 0*g**2 - g**2 + 10*g**2 + 10*g - 4 + g**3. What are the prime factors of n(z)?
2, 23
Suppose 7*v - x - 9 = 11*v, -3*v + 2*x + 7 = 0. Let j(c) = -605*c - 13. What are the prime factors of j(v)?
2, 37
Suppose 5*r - 19*c = 133648, r + 3*c - 25338 - 1344 = 0. List the prime factors of r.
3, 23, 43
Let w = -135 - -52. Let g = -27 - w. What are the prime factors of g?
2, 7
Let z(h) = -111*h - 48. Let q(c) = -8*c**2 + 3*c + 7. Let w be q(-1). What are the prime factors of z(w)?
2, 3, 11
Suppose -3*x + 12 = 0, -59*x + 63*x = 5*k - 414. What are the prime factors of k?
2, 43
Let g = 19 + -51. Let m = 29 + g. List the prime factors of (-2)/6 + (-322)/m.
107
Let m = -27049 + 46680. List the prime factors of m.
67, 293
Let l(p) be the second derivative of 429*p**5/20 + 5*p**3/6 - 5*p**2/2 + p. List the prime factors of l(1).
3, 11, 13
Suppose j + s - 317 = 2*s, 0 = -j + 3*s + 317. Suppose 3*u = 3*l - 336, l + l + 5*u - 196 = 0. Let i = j - l. List the prime factors of i.
11, 19
Suppose -1350*t + 1353*t + j = 83657, -2*t = -4*j - 55762. List the prime factors of t.
3, 5, 11, 13
Suppose -18*t + 70 = 34. Let c(d) = 238*d - 2. What are the prime factors of c(t)?
2, 3, 79
Let c(z) be the second derivative of z**3/3 + 12*z**2 + 11*z. Let q be c(-10). Suppose 0 = q*o + t + t - 230, -t + 289 = 5*o. What are the prime factors of o?
2, 29
Let b = 74 - -36. Suppose b*h - 1581 = 107*h. List the prime factors of h.
17, 31
Suppose 7*s = 42*s - 454227 - 42703. What are the prime factors of s?
2, 31, 229
Let c(b) be the third derivative of 2*b**5/3 - 5*b**4/24 - 4*b**3/3 - 36*b**2. Let h be c(-2). Suppose -h = -x - 90. What are the prime factors of x?
2, 3
Let s = -125 - -130. Let z = -189 - -384. Suppose 0*n - s*n + z = 0. What are the prime factors of n?
3, 13
Let o = -15 - -24. Let g(t) be the third derivative of t**4/12 + 2*t**3/3 - 133*t**2. List the prime factors of g(o).
2, 11
Let l be 0/(0 - 4/4). Let c be ((-2)/(-4))/(l + (-3)/24). List the prime factors of 536/18 + c/(-18).
2, 3, 5
Let x(h) = h**3 - 4*h**2 - 3*h - 4. Let b be x(5). Let l be (1/3)/(b*(-5)/(-270)). Let m(y) = 4*y**3 - 2*y**2 + 4*y + 5. List the prime factors of m(l).
107
Let n = 291 - 286. Suppose 0 = -3*r + n*w + 3544, 4*r - 4*w = 3*r + 1193. List the prime factors of r.
3, 17, 23
Let n = 4430 - -5008. List the prime factors of n.
2, 3, 11, 13
Suppose 183 + 217 = 20*w. Suppose 398 = 2*l + 4*p, -5*l - 4*p - w = -1033. List the prime factors of l.
5, 41
What are the prime factors of (-950)/(((-88)/(-66))/((-104)/(7 + -3)))?
3, 5, 13, 19
Suppose -2*r + 8 = -4*u, 2 + 3 = r - 3*u. Suppose o = 3*s - 604, -196 - 196 = -r*s - 2*o. What are the prime factors of s?
2, 5
Suppose 25*d + d - 481468 = -0*d. What are the prime factors of d?
2, 47, 197
Let r be 9343/4 - 2/(-8). Suppose r - 231 = 5*b. List the prime factors of b.
421
Let o(u) = 4*u**2 + 4*u + 23. Let s(i) = -310 + 5*i**2 + i - i + 5*i + 334. Let j(m) = 6*o(m) - 5*s(m). What are the prime factors of j(0)?
2, 3
Let i be 17 + 0*(-7)/56. Let l(u) = 3*u**2 + 9*u + 71. What are the prime factors of l(i)?
1091
Suppose 4*p - 40*o + 35*o - 59208 = 0, 8*p - 118384 = 2*o. What are the prime factors of p?
14797
Let r be ((-38)/95)/(1/(-10)). Let a be (-130)/(-3)*(-12)/(-10). Suppose 0 = -4*w + 3*x + 181, r*x + a = 2*w - 26. List the prime factors of w.
7
Let r(j) = -j**2 + 7*j - 7. Let d be r(5). Suppose -d*a = -25 + 13. Suppose 2*g - a*g = -174. List the prime factors of g.
3, 29
Suppose -16 = -g - 4*p, -15*g - 5*p = -18*g + 116. Let h(k) = 4*k**2 - 100*k - 15. What are the prime factors of h(g)?
881
List the prime factors of (-40)/(-8) - 30940/(-2) - (-9 - -2).
2, 7741
Let r(u) = 48*u**2 - 34*u - 9. Let j be r(7). Suppose 8*d - j - 727 = 0. What are the prime factors of d?
2, 3, 59
Suppose -5*u - 26848 = -p, -107392 = -53*p + 49*p + 2*u. What are the prime factors of p?
2, 839
Let w(k) = -33*k**2 - 13*k - 9. Let q(l) = 32*l**2 + 14*l + 10. Let g(m) = -4*q(m) - 5*w(m). What are the prime factors of g(-3)?
311
Suppose -4*k - 4871 = -3*x, 0 = 5*x - 5*k + 6*k - 8149. List the prime factors of x.
3, 181
Suppose 2*h = -2*z + 11780, 6*z - 4*z = 10. What are the prime factors of h?
5, 11, 107
Suppose 188*l - 329*l + 6639549 = 0. List the prime factors of l.
7, 31
Let b(m) = 6509*m**2 - 10*m - 13. List the prime factors of b(-3).
2, 83, 353
Let t = -31514 + 46723. What are the prime factors of t?
67, 227
Suppose -4*m = 3*f - 0 - 6, 3*m = -9. What are the prime factors of 3680/6 - (96/18 - f)?
2, 307
Let g be (-2)/14 - (-1992)/28. Suppose 0 = -2*r + 521 - g. List the prime factors of r.
3, 5
Let q(i) = 32621*i**2 - 23*i - 3. What are the prime factors of q(-1)?
7, 4663
Suppose y - 4*y + 3*s - 1098 = 0, -4*y = 3*s + 1429. Let p = -258 - y. List the prime factors of p.
103
Let n(r) = -2*r**3 - 15*r**2 + 48*r + 1. Let a be n(-11). Let w(d) = d + 10. Let h be w(-10). Suppose h*z - 2*z = -a. List the prime factors of z.
2, 5
Suppose 0 = -5*j + 4*d + 45801, 3*j - 2*d = 35090 - 7611. What are the prime factors of j?
9157
Suppose -7*h = -n - 8*h + 20, 5*n + h - 92 = 0. Let v(p) = 62*p + 138. What are the prime factors of v(n)?
2, 3, 11, 19
Suppose -2*j - 2*b + 33 = 137, -4*j + 2*b = 220. Let a = j + 18. Let r = -27 - a. What are the prime factors of r?
3
Let o = 186 - 182. Suppose 1404 = o*b - b. What are the prime factors of b?
2, 3, 13
Suppose -14*o = -0*o - 16520. Suppose 2069 = 3*t - o. What are the prime factors of t?
3, 19
Suppose 4*m = 5*h - 2575, h - 2*m + 2086 = 5*h. Let z = 773 - h. Suppose 5*l = 191 + z. List the prime factors of l.
89
What are the prime factors of (-9 + (-76)/(-8))/((-13)/(-118352))?
2, 569
Suppose -2*s + g - 1 = -2*g, 4*g = 3*s. Suppose -s = d - 89. Let i = 120 - d. List the prime factors of i.
5, 7
List the prime factors of 1 - 3/2 - (39 + (-12820)/40).
281
Let r be -267*1/((-5)/25). Suppose 0*j + v = -4*j + 1341, -5*v = -4*j + r. List the prime factors of 1/(j/330 - 1).
2, 3, 11
Suppose -28*z = -24*z + 8. Let x be 2 + 3/(1 - z). Suppose 0 = x*o - 9*o + 222. What are the prime factors of o?
37
Let r(t) = -t**2 + 30*t + 85. Let m be r(26). Let v = -28 + m. What are the prime factors of v?
7, 23
Suppose 22*m - 18*m - 3*u - 1594 = 0, 0 = -2*m - 2*u + 818. What are the prime factors of m?
13, 31
Let s = 5154 - -7822. What are the prime factors of s?
2, 811
Let n = -2574 - -7130. List the prime factors of n.
2, 17, 67
What are the prime factors of (-14720)/96*(((-726)/(-5))/(-3) - -4)?
2, 23, 37
Suppose -18956 = -3*g - 4*f, -3*f + 862 = g - 5450. What are the prime factors of g?
2, 3, 17, 31
Let t(y) = -3*y**3 - 33*y**2 + 64*y - 137. List the prime factors of t(-19).
3, 2437
Let i be (1/(-3))/(15/(-5850)). Let a be (-4 + i)*(-4)/(-3). Suppose 0 = 24*r - 27*r + a. List the prime factors of r.
2, 7
Suppose 2*u - a = 38864 + 31916, 212312 = 6*u + 4*a. List the prime factors of u.
2, 3, 983
Let a = -3060 - -2984. Let k = -114 + 182. Let v = k - a. List the prime factors of v.
2, 3
Suppose 0 = 5*s + 4*h - 395462, -4*s - 22*h = -19*h - 316369. What are the prime factors of s?
2, 5, 11, 719
Let t be 102/5 + 14/(-35). Let i(s) = 64*s**3 + 2*s + t - 21*s**2 - 34*s**3 - 29*s**3. What are the prime factors of i(21)?
2, 31
Suppose 67*c + 1852587 = 166*c. List the prime factors of c.
18713
Suppose -303*h = -271*h - 130240. List the prime factors of h.
2, 5, 11, 37
Let o(u) = -u**3 - 25*u**2 - 27*u - 28. Let n be o(-24). Let z(a) = -2*a - 2. Let f be z(7). List the prime factors of 3 + n/f + (-143)/(-4).
2, 3
Let s(n) = 2*n**2 + 15*n - 5. Let l be s(-4). Let p = -19 - l. Let k(a) = 14*a + 46. List the prime factors of k(p).
2, 11
Let p be 53 + 1 - (56/(-8) + 5). List the prime factors of p/12 - ((-10)/(-15) + -1).
5
Let s(h) = 3*h**3 - 5*h**2 + 3